{"id":200,"date":"2019-05-24T11:14:49","date_gmt":"2019-05-24T08:14:49","guid":{"rendered":"http:\/\/demo.cizoglubilisim.com\/KRadio-1\/?page_id=2"},"modified":"2025-06-07T09:16:11","modified_gmt":"2025-06-07T09:16:11","slug":"iletisim","status":"publish","type":"page","link":"https:\/\/joyfm.gr\/?page_id=200","title":{"rendered":"\u0130leti\u015fim"},"content":{"rendered":"<p>&nbsp;<\/p>\n<p align=\"center\"><span lang=\"tr\"><span style=\"font-size: large;\"><b>G\u00f6r\u00fc\u015f ve \u00f6nerilerinizi bizimle<br \/>\npayla\u015fabilirsiniz. En k\u0131sa<br \/>\nzamanda sizinle irtibata<br \/>\nge\u00e7ece\u011fimizden emin<br \/>\nolabilirsiniz.<br \/>\n7\/24 her an sizinle irtibat halinde olmak bizi memnun<br \/>\nedecektir.<br \/>\nTel.:+30-2531025743<br \/>\n+30-6937775805<br \/>\n+30-6944512886<\/b><\/span><\/span><\/p>\n<p align=\"center\"><span style=\"font-size: large;\">ADRESS<br \/>\n<b>\u03a3\u03c5\u03bd\u03c4\u03ac\u03b3\u03bc\u03b1\u03c4\u03bf\u03c2 \u039a\u03c1\u03b7\u03c4\u03ce\u03bd 39, \u039a\u03bf\u03bc\u03bf\u03c4\u03b7\u03bd\u03ae 69132, \u03a1\u039f\u0394\u039f\u03a0\u0397\u03a3 <\/b> <\/span><\/p>\n","protected":false},"excerpt":{"rendered":"<p>&nbsp; G\u00f6r\u00fc\u015f ve \u00f6nerilerinizi bizimle payla\u015fabilirsiniz. En k\u0131sa zamanda sizinle irtibata ge\u00e7ece\u011fimizden emin olabilirsiniz. 7\/24 her an sizinle irtibat halinde olmak bizi memnun edecektir. Tel.:+30-2531025743 +30-6937775805 +30-6944512886 ADRESS \u03a3\u03c5\u03bd\u03c4\u03ac\u03b3\u03bc\u03b1\u03c4\u03bf\u03c2 \u039a\u03c1\u03b7\u03c4\u03ce\u03bd 39, \u039a\u03bf\u03bc\u03bf\u03c4\u03b7\u03bd\u03ae 69132, \u03a1\u039f\u0394\u039f\u03a0\u0397\u03a3<\/p>\n","protected":false},"author":1,"featured_media":167,"parent":0,"menu_order":0,"comment_status":"closed","ping_status":"closed","template":"","meta":{"footnotes":""},"class_list":["post-200","page","type-page","status-publish","has-post-thumbnail","hentry"],"_links":{"self":[{"href":"https:\/\/joyfm.gr\/index.php?rest_route=\/wp\/v2\/pages\/200","targetHints":{"allow":["GET"]}}],"collection":[{"href":"https:\/\/joyfm.gr\/index.php?rest_route=\/wp\/v2\/pages"}],"about":[{"href":"https:\/\/joyfm.gr\/index.php?rest_route=\/wp\/v2\/types\/page"}],"author":[{"embeddable":true,"href":"https:\/\/joyfm.gr\/index.php?rest_route=\/wp\/v2\/users\/1"}],"replies":[{"embeddable":true,"href":"https:\/\/joyfm.gr\/index.php?rest_route=%2Fwp%2Fv2%2Fcomments&post=200"}],"version-history":[{"count":4,"href":"https:\/\/joyfm.gr\/index.php?rest_route=\/wp\/v2\/pages\/200\/revisions"}],"predecessor-version":[{"id":545,"href":"https:\/\/joyfm.gr\/index.php?rest_route=\/wp\/v2\/pages\/200\/revisions\/545"}],"wp:featuredmedia":[{"embeddable":true,"href":"https:\/\/joyfm.gr\/index.php?rest_route=\/wp\/v2\/media\/167"}],"wp:attachment":[{"href":"https:\/\/joyfm.gr\/index.php?rest_route=%2Fwp%2Fv2%2Fmedia&parent=200"}],"curies":[{"name":"wp","href":"https:\/\/api.w.org\/{rel}","templated":true}]}}